. Calculate the greatest common divisor of v and 13.
13
Suppose 3*d + 5*q + 0*q + 3 = 0, 0 = -3*d - 3*q - 3. Let x be ((-170)/51)/(d/18). Let r be -48*(5/2)/(-5). What is the greatest common factor of x and r?
12
Let r(o) = o**2 - o - 3. Let y be r(-2). Let h be (27 - y - 1)*1. Let f = h + -11. Calculate the greatest common divisor of f and 84.
12
Let a(u) = 4*u**2 - 37*u - 14. Let t be a(11). Suppose -2*j + 26 = 2. Let x = j - 5. What is the highest common divisor of t and x?
7
Let p be (-2218)/(-10) + -2 + (-2)/(-10). Let b = p + -132. Calculate the highest common divisor of 11 and b.
11
Let c be 3*-1*-1 - (-6 - -6). Suppose 29 = 2*d - 7. Calculate the highest common factor of d and c.
3
Let x(z) = -3*z + 9. Let m be x(4). Let g be 6/(0 + m) + 156. Suppose -2*t + g = -0*c + 5*c, -70 = -t + c. What is the greatest common factor of 8 and t?
8
Let w = -7 - -11. Suppose -208 = -0*u - w*u. Suppose -5*m + 52 = -m. What is the greatest common factor of u and m?
13
Let j = -180 - -194. Calculate the highest common factor of j and 46.
2
Let k be -2 + (-6)/(-1) + 0. Suppose 3*h + 4*u = 6*h + 106, 2*h + 76 = k*u. Let t = h + 94. Calculate the highest common factor of 32 and t.
32
Let n be -20*(4 - (-9)/(-3)). Let b = 27 + n. Calculate the highest common factor of 56 and b.
7
Let s be 2 - -15 - (-2 + (-6)/6). What is the greatest common factor of s and 30?
10
Let z(j) = -56*j - 52*j + 5 + 1 + 61*j. Let d be z(-9). Calculate the highest common factor of 39 and d.
39
Let h = 908 - 568. Calculate the greatest common factor of h and 136.
68
Suppose 487 = 238*v - 1003*v + 311077. Let s = -63 - -121. What is the highest common divisor of v and s?
58
Let x be 285/15 + 7/(-1). Calculate the greatest common divisor of 96 and x.
12
Let d(u) = 3*u - 4. Let o be d(3). Suppose 5*v = v + 4, -v + 11 = o*n. Calculate the greatest common factor of 3 and n.
1
Let m = 31 - 30. Let r be 24 - m*(-12)/3. Suppose -r = -4*o + 4*t, -2*o + t + 0*t + 13 = 0. Calculate the greatest common divisor of 12 and o.
6
Suppose -4 = g - 2*g. Suppose -44 = -g*w + 44. Suppose -49 = -d + 2*k, -3*d - 2*k + 171 = -0*k. What is the greatest common divisor of d and w?
11
Let k(a) = 369*a - 5778. Let q be k(16). Suppose 27 = -4*x + 5*t + 79, -2*x - 5*t = -56. Calculate the greatest common divisor of x and q.
18
Suppose -x = 4*i + 4, -i - 4*x - 1 = -8*x. Let n be (-1 - i) + 3 + -2*1. What is the greatest common divisor of 9 and n?
1
Let o(q) be the first derivative of -11*q**2/2 + 5*q + 14. Let v be o(-1). What is the highest common factor of 112 and v?
16
Let t be 12/9*6/4. Let y(z) = -z + 9. Let m be y(5). Suppose -1 + 33 = m*s. Calculate the greatest common divisor of s and t.
2
Suppose 0 = 25*q - 794 - 1156. What is the highest common factor of q and 208?
26
Let x = 44 - -145. Suppose n - 2*n = 5*j - 315, x = 3*j - 4*n. Let o = -21 - -42. Calculate the highest common divisor of j and o.
21
Let k = -125 - -68. Let j be -3*(-1 - k/(-9)). Suppose -5*q - 15 = -2*h, h + 4*h + 3*q = j. Calculate the greatest common factor of 30 and h.
5
Let g be (-20 - 0) + (4 - 5). Let b = g - -17. Let r = 1 - b. What is the greatest common divisor of r and 10?
5
Let d(r) = 7*r**3 - 2*r**2 + 1. Let h be d(2). Suppose u + l = h, -2*l - 97 = -2*u - 5*l. Calculate the greatest common factor of 10 and u.
10
Let u(x) = x**3 - 7*x**2 + 3*x - 1. Let c be u(7). Suppose -700 = -5*l - 0*l. What is the highest common divisor of l and c?
20
Let m(g) = g**3 + 8*g**2 - 10*g - 8. Let h be m(-9). Let a = 1 - h. Suppose a = 4*c - 2*c - 18. What is the highest common factor of 9 and c?
9
Suppose -3*h + 59 = 50. Let r(g) = 6*g - 13. Let y be r(3). What is the highest common factor of y and h?
1
Let k be ((-18)/4)/(-3*4/24). Suppose 5*n = 26 + 19. Calculate the highest common divisor of n and k.
9
Let t be 774/30 - 21/(-105). What is the highest common divisor of t and 481?
13
Let b(v) = v**3 - v**2 - v + 16. Let u be b(0). Let k be 76/5 + u/20. Calculate the highest common divisor of k and 16.
16
Let l = 40 + -37. Suppose -l*k + h + 345 = -0*k, -3*k - h + 345 = 0. Let v = 29 + -6. Calculate the highest common factor of v and k.
23
Suppose 5*o - 129 = -84. What is the greatest common factor of o and 261?
9
Let k be (-25)/((-975)/2132) - (-8)/6. Calculate the highest common divisor of k and 756.
28
Let h = 135 - 198. Let d be h/(1/(-1) - 0). Let g(r) = -4*r**3 + 61*r**2 - 113*r - 45. Let w be g(13). What is the greatest common factor of w and d?
7
Let l = -1205 - -2038. What is the greatest common divisor of l and 49?
49
Let g = 96 - 51. Let z be 22/(-693)*-7 - (-172)/36. Calculate the greatest common factor of z and g.
5
Let k = 28 + -105. Let c = 117 + k. What is the highest common factor of 20 and c?
20
Let c be ((-5)/4)/((-8)/32). Let g = -109 + 111. What is the highest common factor of g and c?
1
Let s = 456 + -114. Calculate the highest common factor of s and 72.
18
Let l = 6 + -6. Suppose -j - 46 - 105 = l. Let d = -56 - j. What is the highest common factor of 19 and d?
19
Suppose -55 + 79 = 4*o. Suppose 22 = o*h - 38. Suppose 0 = -r + 3*r - 220. Calculate the highest common factor of h and r.
10
Let s(c) = -251*c - 3. Let n(k) = 84*k + 1. Let o(w) = -11*n(w) - 4*s(w). Let l be o(1). Suppose 4*j - l = 59. What is the highest common divisor of j and 14?
7
Let g be -540*(-4 - 21/(-5))*-2. Calculate the highest common factor of 270 and g.
54
Let a = -558 + 574. Let y = 4 - -108. What is the greatest common factor of y and a?
16
Let q = -109 + 111. What is the highest common factor of q and 26?
2
Let u = 5 + -2. Suppose -n = u*n + 16. Let s(q) = -14*q + 4. Let f be s(n). What is the greatest common factor of f and 12?
12
Let k(q) = -q**3 - 6*q**3 - 47 + 47. Let u be k(-2). Calculate the highest common factor of 504 and u.
56
Let m = -15 + 5. Let i = m + 18. Let l = i - -9. Calculate the greatest common factor of l and 17.
17
Let i be 24/2*30/2. What is the greatest common divisor of 405 and i?
45
Let y be 24/10 - 2/5. Let v = 50 + -44. Let q be (v - 0)*y/3. Calculate the highest common divisor of 16 and q.
4
Let a(l) = -7*l + 43. Let o be a(-1). What is the greatest common divisor of 40 and o?
10
Suppose -4*i + 5*t = 286 - 1041, i + t = 191. Calculate the greatest common factor of 10 and i.
10
Let d(q) = 2*q**3 + 1. Suppose 4*s - 4 = -u, -2*s = -2*u + 7*u + 16. Let x be d(s). Calculate the greatest common factor of x and 17.
17
Suppose 0 = -0*g + 5*g - 325. Suppose 3*z - 6 = -18. Let u = z - -17. Calculate the highest common divisor of u and g.
13
Let m = 262 - 115. Suppose -5*q = -m + 27. Calculate the greatest common factor of q and 72.
24
Let y = -8 + 10. Suppose -y*v + 3*v - 14 = 0. Let t(x) = x**3 + 6*x**2 - 6*x + 6. Let h be t(-6). What is the greatest common factor of h and v?
14
Let m(g) = -16*g - 164. Let d be m(-34). Calculate the highest common factor of d and 30.
10
Let r be ((-324)/(-2))/(-3)*-3. Suppose -38*n = -43*n + 20. Suppose -n*y - y + 44 = 3*f, -2*y + 68 = 4*f. Calculate the highest common divisor of f and r.
18
Suppose 4651 + 6274 = 19*h. Calculate the greatest common factor of h and 23.
23
Let u be (-14 + -4 - -4)*(-620)/217. Let a(x) = 2*x**2 - 4*x + 4. Let y be a(3). What is the greatest common factor of y and u?
10
Suppose 420 = 2*f + 3*v - 67, 4*f = v + 953. Suppose 4*d = 1 + f. Calculate the greatest common factor of d and 12.
12
Suppose -30 = -b + 11. Let p be (44*(-2)/(-6))/((-148)/(-222)). Let m = b - p. Calculate the greatest common factor of m and 209.
19
Let t(v) = -5*v + 110. Let x be t(4). What is the greatest common factor of x and 24?
6
Suppose 2*r - 92 = -2*r + 4*t, t - 33 = -r. Calculate the greatest common divisor of 21 and r.
7
Suppose 2*w = 7*w + 15, 0 = -5*q + w - 247. Let y = 60 + q. Calculate the greatest common divisor of y and 70.
10
Let s = -38 - -38. Let p(m) = -m**3 - m**2 + 20. Let u be p(s). Let t = -57 - -87. What is the greatest common factor of t and u?
10
Let v be -6*(2/12 + (-219)/18). Calculate the highest common divisor of 1278 and v.
18
Suppose 0 = 5*i, 5*d - 3*i - 25 = -i. Let j be (-33 + 1)*(-9)/6. Let w be 2/(-8) - (-252)/j. Calculate the greatest common factor of w and d.
5
Suppose 0 = -3*h + 3*t + 225, 3*h = -t + 103 + 122. What is the highest common divisor of h 